1. Let u(d) = d**2 - 4*d - 2. Let y be u(5). Let h be c(y). Let o = h - 31. What is the units digit of o?
5
Suppose 17 - 5 = 4*g. Suppose -4*p + g*d = -40, -2 = p + 2*d - 12. Suppose -5*x + p = -0*x. What is the units digit of x?
2
Let s = -19 + 40. Suppose -12 + 3 = 3*l, 5*l = -3*w - 33. Let z = w + s. What is the units digit of z?
5
Let c(v) = -9*v**3 + v**2. Let u be c(-1). Suppose -5*s - q - u = 0, -4*q - 4 = 2*s - 0*q. What is the units digit of ((-3)/s)/((-2)/(-12))?
9
Suppose 3*q - l - 2*l = 15, 0 = -5*q + 2*l + 28. What is the units digit of -2*((2 - q) + 2)?
4
Suppose 513 = 10*l - l. What is the units digit of l?
7
Let z = 3 - 1. Suppose 4*u = a - z*a + 2, 6 = 4*u + 3*a. Suppose -t - y - 3*y = 15, u = -t + 3*y + 13. What is the units digit of t?
1
What is the units digit of ((-282)/(-4))/((-9)/(-6))?
7
Suppose 5*r + 3*l - 8 = 0, 3*r + l = 5*l - 1. What is the units digit of r*4 - (0 - -3)?
1
Let v(w) = -w + 25. What is the units digit of v(17)?
8
Suppose r - 1 = 0, -2*b - 2*r = -0*b - 80. Suppose v - 4*v = -b. What is the units digit of v?
3
Let r(g) = 2*g**2 + 4*g + g - 3*g - 1. Let z be r(-2). Suppose z*y = -y + 28. What is the units digit of y?
7
Let b(y) = -y**3 - 4*y**2 + y + 10. What is the tens digit of b(-5)?
3
What is the tens digit of (-1340)/(-14) + (-20)/(-70)?
9
Let f(t) = t**3 - 4*t**2 - 5*t + 6. Let n(m) = m**3 + 8*m**2 - 9*m + 5. Let q be n(-9). What is the units digit of f(q)?
6
Suppose -9 - 27 = -3*c. Let r be 20/(-6)*c/(-8). Suppose 0 = -4*d - d + r. What is the units digit of d?
1
Suppose 10 = i - 13. Let y = 14 + i. What is the tens digit of y?
3
Let u be 18 - (-6 + (2 - -1)). Suppose -2*k + 5*r = -3*k + u, -3*r = -2*k + 16. What is the tens digit of k?
1
Suppose 3*g + 0*g - 78 = 0. What is the tens digit of g?
2
Let w(y) = -y**3 - 7*y**2 - 5*y + 8. What is the tens digit of w(-7)?
4
Let t = -20 - -48. What is the tens digit of t?
2
Suppose 88 = 6*v - 2. What is the units digit of v?
5
Let p(s) = 5*s**3 + 2*s**2 - 1. Let d be p(1). Suppose 0 = i + 2*v - 2, -5*v + 6 = -3*i + d*i. What is the units digit of i?
2
Suppose 4*t - 1130 = 2*d - 186, 218 = t - 5*d. What is the tens digit of t?
3
Let y(n) = 2*n**3 + 3*n**2 + 4*n - 2. Let k be y(-4). Let b = -50 - k. Let h = 67 - b. What is the units digit of h?
9
Let v be -4*(-3 + 30/8). What is the units digit of 0/v + 10 + -1?
9
Let m = -4 + 11. Let i(b) = -2 - b**2 - 7 - m*b + 2. What is the units digit of i(-5)?
3
Suppose 0 = 38*x - 37*x - 182. What is the hundreds digit of x?
1
Let a(n) = 17*n - 85. What is the units digit of a(22)?
9
Let c(g) = -g**3 + g**2 + g - 7. Suppose -3*y = 5*u, 5*u - 5*y = -0*u. Let x be c(u). Let h = x + 11. What is the units digit of h?
4
Let t = 71 - 23. What is the units digit of t?
8
Let w(k) = k**3 - 8*k**2 + 6*k + 2. Let c be w(8). Suppose -5*o - d + 82 = d, 0 = -3*o - 2*d + c. What is the tens digit of o?
1
Let v be (7/(-21))/(1/(-18)). What is the tens digit of 260/12 - (-2)/v?
2
Let j(i) = 59*i - 4. What is the units digit of j(4)?
2
Let u = -14 - -43. What is the tens digit of u?
2
Let c = 63 + -155. Let b = -58 - c. What is the units digit of b?
4
Let u(i) = 7*i + 1. Let v be 2*(-1 - (-5 + 3)). Suppose v*n = -n + 6. What is the tens digit of u(n)?
1
Suppose -m = -0*m - 1. Let n = m - -15. Let x = -6 + n. What is the units digit of x?
0
Suppose 0 = -5*j - s + 57 - 12, 47 = 4*j + 3*s. Let t(p) = p**3 - 7*p**2 - 7*p - 1. What is the units digit of t(j)?
7
Let v(o) = 3*o - 8. Let j be v(-6). Let i = 84 + -98. Let m = i - j. What is the tens digit of m?
1
Suppose 3*j + 2*y = 63, -y - 2*y = 4*j - 85. Let i = 37 - j. What is the units digit of i?
8
Let z(n) = 5*n**2 - 6*n - 17. What is the units digit of z(-8)?
1
Suppose 4*g - 23 = 5. Let k be g + -2 + (2 - 3). Suppose 2*q + 79 = k*i + i, 5*i - 85 = 5*q. What is the units digit of i?
5
Let w = 50 - 33. Suppose -59 = -4*d + w. What is the units digit of d?
9
Let u(q) = -6*q**2 - 9*q + 1. Let y(t) = -t**2 - t. Let n(g) = -u(g) + 5*y(g). What is the units digit of n(4)?
1
Let f be 8 + 4/(3 - 5). Let b(d) = 11*d - 1. Let k be b(f). What is the units digit of (-4)/26 - (-140)/k?
2
Let q(s) = s**3 + 8*s**2 - 10*s - 9. Let n be (3/(-2))/(1/6). Let j be q(n). Suppose 0 = r - p - 12, j*r + p = -r + 6. What is the units digit of r?
9
Suppose 2*f - 41 = -n, 112 = 2*n + 3*f + 30. Let w = -21 + n. What is the tens digit of w?
2
Let n = -18 + 25. Let p(z) = z**2 - 7*z + 5. Let d be p(n). Suppose -3*w + 0*i + 50 = 4*i, -d*w + 40 = -2*i. What is the tens digit of w?
1
Let u(l) = -l**3 + 6*l**2 - 6*l + 6. Let p be u(5). What is the units digit of (-2)/(6/(-39)) - p?
2
Let o = 20 + -8. What is the units digit of o?
2
Let m be (-7 - -6) + 19*1. Let d = m + -11. What is the units digit of d?
7
Suppose 0 = -p - 2*n + 43, 11 - 31 = 5*n. What is the units digit of p?
1
Suppose -5*l - 86 = 4*d, d + 36 = -4*l + 6*d. Let z be 4 - 3 - (0 + l). What is the units digit of (-2)/(-5) - (-24)/z?
2
Let w(a) = a**2 - 9*a + 10. Let j be w(7). Let t(d) = d. Let x(o) = -o - 1. Let p(g) = j*x(g) - 3*t(g). What is the units digit of p(-3)?
1
Let a(i) = 9*i - 2. Let c be a(1). Suppose 0 = -c*u + 5*u + 58. What is the units digit of u?
9
Let m(r) = r - 7. What is the units digit of m(8)?
1
Suppose 4 = 2*v - 2*w - 0, 8 = v - 3*w. Let k = 21 + v. What is the units digit of 18/12*k/2?
5
What is the units digit of (-6 + 4)/(-6) - (-707)/3?
6
Let j(b) = 11*b**2 + 3*b - 20. What is the hundreds digit of j(-6)?
3
Suppose -1 = -3*o + 23. Let b = -4 + o. What is the units digit of b?
4
Let d(j) = j - 10. Let g be d(7). Let h be 20/6*6/4. Let m = h - g. What is the units digit of m?
8
Let b be ((-130)/(-40))/((-1)/(-8)). Suppose 0 = 5*w - 116 + b. What is the units digit of w?
8
Suppose -2*p + 2 - 8 = 0. Let a be -3*(-1 + 2)*p. Suppose 6*b = 3*b + a. What is the units digit of b?
3
Let o(f) = -f**2 + 9*f - 12. Let b be o(7). What is the tens digit of (-1 - -11)/(b/9)?
4
Let i = -12 + 17. What is the units digit of i?
5
Suppose 0 = 2*p + 8*p - 1200. What is the tens digit of p?
2
Let k be 0 + 2 + (23 - 1). Let t = -9 + k. Suppose x - 25 = -2*y, -2*y + 3*x - 2 = -t. What is the tens digit of y?
1
What is the tens digit of ((-2)/4)/(2 - 1902/948)?
7
Let f(n) = 11 - 10*n + 7*n + 4*n. What is the units digit of f(-7)?
4
Suppose -4*h - 4 = -2*h - 3*z, z = -3*h - 17. Suppose 0 = 2*y + 2*u - 20, -3*y + 2*y + 2*u = -1. Let v = h + y. What is the units digit of v?
2
Let o be 4/2 + (2 - -121). Suppose 5*t - o = -4*v - v, 4*t - 2*v = 70. What is the units digit of t?
0
Let x(d) = -d**3 + 6*d**2 - d - 2. Let q be x(5). Let g = q + -3. What is the units digit of g?
5
Suppose q = -1 - 0. Let a be (1 - q/(-2))*82. Suppose -2*n = -2*y - 22, 0 = -n + 6*n + 2*y - a. What is the units digit of n?
9
Let o(k) = -k**3 - k**2 - 2*k - 3. Let t be o(-2). Suppose -t*z = n - 22, -2*z - 4 = -n - 3. What is the units digit of n?
7
Let l be 2/6*(-2 + 5). Suppose 3*j + c + 4 = 0, 5*j + l = c + 5. Suppose 45 = -j*q + 5*q. What is the units digit of q?
9
What is the hundreds digit of -94*((-2)/2)/((-2)/(-5))?
2
Let k(l) = l - 12. Let p be k(9). Let m = 4 - p. What is the units digit of m?
7
Suppose 6*h - 3*h + 3 = 0. Let v(p) be the second derivative of -p**3 + p**2/2 - 3*p. What is the units digit of v(h)?
7
Suppose 33 = 3*h + 6. Let c = 28 + 14. What is the units digit of (-1)/(-3) + c/h?
5
What is the units digit of (-2)/(-5) - -122*16/20?
8
Suppose -2*t + 0*t = -12. Let p(m) = m**2 - 3*m - 1. What is the units digit of p(t)?
7
Suppose 4*v - 5*v = -4*h - 30, v + 2*h - 12 = 0. Suppose -3*g + 4 = 4*l, -5*l + 4*g - v = 8. Let s = 5 - l. What is the units digit of s?
7
Let j = -10 - -41. Let p = j - 16. Let c = 31 - p. What is the units digit of c?
6
Suppose -f = -2 + 14. Let v = 27 + f. What is the tens digit of v?
1
What is the tens digit of (2*45)/3 - 0?
3
Let f(c) = 2*c + 21. Let p(d) = 3*d + 20. Let u(m) = 6*f(m) - 7*p(m). What is the tens digit of u(-7)?
4
Suppose 0 = -2*b + 5*b + 9. Let d(z) = -z**3 - 3*z**2 - 4*z. Let k be d(b). Let m = k - -6. What is the tens digit of m?
1
Let b = 10 - 6. Let j(d) be the first derivative of -d**4/4 + 5*d**3/3 - d**2 + 2*d + 11. What is the tens digit of j(b)?
1
Suppose d - 4*u = -d - 2, -3*u = -2*d. Suppose 3*c = 4*x + 22 + 